254
What is 350133 (base 6) in base 15?
8cb0
Convert -17741 (base 16) to base 14.
-2701b
-2360873 (base 13) to base 11
-61a2686
-796907 (base 10) to base 13
-21b957
What is 4a55c (base 14) in base 15?
38e96
Convert 100025445 (base 6) to base 12.
692285
1305554 (base 10) to base 3
2110022212212
2340003 (base 6) to base 8
355743
Convert -8520765 (base 9) to base 6.
-241425305
-5488740 (base 9) to base 6
-143140100
Convert -22515370 (base 8) to base 16.
-4a9af8
-1647729 (base 11) to base 6
-140053350
Convert 163346 (base 7) to base 12.
1691b
3548ea (base 15) to base 6
130330334
Convert -22b1739 (base 12) to base 16.
-663ddd
Convert 215749 (base 11) to base 15.
6c033
What is -26322 (base 7) in base 6?
-52303
-529478 (base 11) to base 12
-34a265
Convert 13030131 (base 5) to base 12.
61544
Convert 1291462 (base 10) to base 11.
802327
What is -277c3 (base 16) in base 4?
-213133003
Convert -137572 (base 10) to base 15.
-2ab67
What is -3577 (base 15) in base 9?
-16524
What is -42535546 (base 7) in base 8?
-15643456
1021130321 (base 4) to base 8
1113471
-10bb390 (base 14) to base 6
-443034214
47d354 (base 14) to base 13
68019a
2660053 (base 13) to base 7
204306250
Convert 26b29 (base 14) to base 12.
47315
1111000011010011 (base 2) to base 6
1153231
What is -10101122100 (base 3) in base 6?
-1233143
2301331 (base 5) to base 2
1001111110001001
Convert 11210020101221 (base 3) to base 9.
4706357
Convert -24620550 (base 7) to base 3.
-11011222012210
Convert -19165 (base 10) to base 13.
-8953
Convert 41172c (base 14) to base 2.
1000010111100111001100
Convert 28626628 (base 9) to base 7.
231416405
Convert 10351643 (base 7) to base 11.
556164
Convert -11220200210 (base 3) to base 2.
-10111100111011111
What is 767623 (base 11) in base 8?
4531067
123681 (base 9) to base 14
1d433
-13224021 (base 7) to base 16
-128f25
Convert -846008 (base 9) to base 16.
-7acea
2451134 (base 6) to base 5
13144140
Convert 207065 (base 14) to base 10.
1094945
What is 7bb61e (base 15) in base 13?
12bc648
Convert 18044 (base 12) to base 13.
129a6
What is -2442450 (base 6) in base 16?
-1fc9e
-437046 (base 9) to base 15
-52519
-4757475 (base 8) to base 6
-43525153
What is -85a049 (base 14) in base 11?
-2609640
What is 501d97 (base 14) in base 16?
291d91
Convert -210010202100 (base 3) to base 2.
-1100101100101001111
-523432 (base 7) to base 15
-1ba5a
Convert 402543 (base 6) to base 15.
9613
-1213104141 (base 5) to base 10
-2863046
Convert 10121222211222 (base 3) to base 6.
105201425
Convert -320132003 (base 4) to base 15.
-487ee
Convert 61c609 (base 15) to base 10.
4648734
Convert 2433044 (base 7) to base 8.
1137006
Convert 1e2d0 (base 16) to base 7.
1023231
Convert -1965a5 (base 12) to base 3.
-211200201022
Convert 3614424 (base 8) to base 3.
1212021021200
What is -3233224 (base 6) in base 13?
-57b7a
Convert 17763a (base 16) to base 5.
343200334
Convert 252787 (base 9) to base 14.
3da91
-1212557 (base 9) to base 6
-22034211
537592 (base 12) to base 10
1319294
What is -2cb88 (base 13) in base 8?
-246721
What is 1aa32 (base 16) in base 3?
12112122222
Convert -7171a (base 14) to base 7.
-2215033
What is -110111000000001110 (base 2) in base 16?
-3700e
What is 111210020210 (base 3) in base 9?
453223
Convert 15500234 (base 6) to base 15.
ad92a
Convert 610310 (base 7) to base 6.
2114405
Convert -66197 (base 13) to base 8.
-551011
What is -101011210102 (base 3) in base 15?
-3e54e
Convert -c384b (base 14) to base 5.
-110031414
Convert -110002120010021 (base 3) to base 16.
-621421
581454 (base 10) to base 5
122101304
Convert 3988a5 (base 12) to base 6.
32153525
Convert 1db15 (base 15) to base 6.
2025015
What is -130232440 (base 5) in base 15?
-c7a80
-10a43a (base 12) to base 14
-6d2c6
199c0 (base 16) to base 9
168801
Convert 342766 (base 8) to base 15.
24679
What is 4242101210 (base 5) in base 15?
bb91da
What is -122033132030 (base 4) in base 12?
-2378b78
Convert -7a6662 (base 12) to base 9.
-3617252
-1012012214 (base 5) to base 4
-13313301022
What is 113707 (base 11) in base 13?
64238
Convert -65499 (base 13) to base 10.
-183153
What is 1325664 (base 9) in base 2?
10110001001110001011
What is 544620 (base 11) in base 14?
189031
-1853448 (base 9) to base 5
-231223233
Convert -10020220000 (base 3) to base 12.
-310b3
What is -322330301 (base 4) in base 11?
-155457
Convert -90572 (base 11) to base 16.
-20565
What is -2120120101 (base 3) in base 8?
-143034
Convert 4a7712 (base 14) to base 5.
1123243202
What is -3226633 (base 10) in base 8?
-14236011
What is 20112002120012 (base 3) in base 4?
31032031130
121021031 (base 4) to base 14
29765
-20023133002 (base 4) to base 15
-2c54b4
Convert -491239 (base 10) to base 6.
-14310131
What is -68498 (base 11) in base 6?
-2042421
-1283039 (base 10) to base 4
-10321033133
9596295 (base 11) to base 9
34701815
Convert 1acc412 (base 13) to base 6.
514543450
Convert -3856213 (base 10) to base 8.
-16553525
What is -447135 (base 8) in base 6?
-3123405
-10501446 (base 7) to base 14
-198d5d
What is -4336767 (base 10) in base 11?
-24a2306
Convert -1619270 (base 12) to base 3.
-22111102021210
What is 212221111111 (base 3) in base 12?
1a88aa
Convert 2567 (base 14) to base 16.
199f
What is -210010223 (base 4) in base 8?
-440453
What is -1bdcb (base 15) in base 7?
-525626
What is -1000110110101100011101 (base 2) in base 15?
-30cb56
Convert -10011001111001111010 (base 2) to base 8.
-2317172
a2d556 (base 14) to base 11
3111086
What is 10b63c5 (base 13) in base 9?
10626078
-223025 (base 7) to base 16
-9a28
What is -28944 (base 15) in base 3?
-20121210101
41344002 (base 7) to base 6
202235420
Convert 8c9951 (base 14) to base 10.
4790115
What is dc3710 (base 14) in base 7?
120300020
Convert -100110000100110 (base 2) to base 11.
-13712
What is -10101111001111111111 (base 2) in base 8?
-2571777
What is -2020323140 (base 5) in base 14?
-780757
What is -101030230231 (base 4) in base 5?
-2123232321
Convert 11011010100100100111 (base 2) to base 8.
3324447
What is -313011 (base 12) in base 11?
-488379
What is -23960 (base 10) in base 6?
-302532
-144616 (base 8) to base 5
-3122343
What is 40e9ee (base 15) in base 11?
1819343
Convert 11000101101111010 (base 2) to base 14.
28c78
What is 499eda (base 16) in base 5?
2213343134
What is -13ba39 (base 13) in base 3?
-220112101111
What is 2111011111 (base 3) in base 11?
33873
-100102111011 (base 3) to base 7
-1401610
Convert 3383 (base 12) to base 11.
4326
What is 20010021200221 (base 3) in base 13?
89ba47
What is -45506605 (base 8) in base 11?
-5629a43
-a85868 (base 11) to base 9
-3234380
What is 6624a (base 15) in base 14?
863a0
-565782 (base 14) to base 7
-33642222
1001210211002022 (base 3) to base 6
1304050355
Convert 489905 (base 12) to base 7.
13004414
Convert -51420134 (base 6) to base 13.
-3ca8c1
What is 4132444022 (base 5) in base 9?
16861187
12185586 (base 9) to base 5
3011232031
Convert -25a8a3a (base 12) to base 14.
-db8d0a
Convert 1111001012122 (base 3) to base 11.
499207
2212101111 (base 3) to base 14
167ba
Convert 53193a6 (base 11) to base 8.
43570771
418766 (base 13) to base 11
9574a1
What is 141324353 (base 6) in base 7?
33263631
131350 (base 10) to base 11
8a75a
What is -657244 (base 8) in base 12?
-a7970
Convert 10102111212101 (base 3) to base 10.
1820944
13492436 (base 10) to base 12
4628158
What is -357663 (base 14) in base 5?
-431413043
-100010100101010010 (base 2) to base 3
-21012022022
Convert 211221210012 (base 3) to base 2.
1101110010011101111
1562486 (base 10) to base 15
20ce5b
-129b772 (base 12) to base 5
-1421042444
What is 1202012212 (base 3) in base 13?
1288a
-105476 (base 10) to base 14
-2a620
What is 822a5 (base 11) in base 13?
428c1
Convert 20122343 (base 5) to base 13.
58367
Convert 103033223 (base 4) to base 16.
133eb
Convert -923121 (base 10) to base 6.
-31441413
112013301 (base 4) to base 12
44529
-600a89 (base 16) to base 5
-3102403103
What is -b125b (base 12) in base 16?
-38327
What is -13450240 (base 6) in base 15?
-908a9
100100001110001101 (base 2) to base 4
210032031
Convert -7638a2 (base 13) to base 14.
-5247da
-2273505 (base 11) to base 10
-3972314
Convert -122124434 (base 5) to base 2.
-10001110010111001111
What is 101101011000101011110 (base 2) in base 4?
11223011132
What is 110000011110000000011